what is 11100011 + 11010?
11111101
In base 5, what is -142 - -3100?
2403
In base 2, what is 11001 + 11001110110?
11010001111
In base 16, what is -28b + 1b7?
-d4
In base 9, what is 305136 - 5?
305131
In base 14, what is d8681 + 1?
d8682
In base 13, what is 379a - -10?
37aa
In base 15, what is 1 + -8ce1?
-8ce0
In base 9, what is 8 - -7743?
7752
In base 5, what is -3 + 233323222?
233323214
In base 2, what is 1110 - -1111100010010?
1111100100000
In base 14, what is -9a9 - 7?
-9b2
In base 8, what is -1147 - 34?
-1203
In base 9, what is 4200 - 206?
3883
In base 16, what is 60f - 1?
60e
In base 5, what is -10304044 - 2?
-10304101
In base 8, what is -10326 + 1417?
-6707
In base 12, what is 39a8 - 13?
3995
In base 15, what is -42 - 130a?
-134c
In base 12, what is 830 - 55a?
292
In base 11, what is -4 + -3904a?
-39053
In base 14, what is -6c + -178?
-206
In base 16, what is 46336c - 3?
463369
In base 2, what is -10001110100 + 10101110?
-1111000110
In base 10, what is -198 - -6?
-192
In base 8, what is 61 + 1365?
1446
In base 14, what is 45 - -a26?
a6b
In base 3, what is 110 + 1101200002?
1101200112
In base 14, what is -35db1 + -3?
-35db4
In base 16, what is -d + aec?
adf
In base 8, what is -2 + -122371?
-122373
In base 7, what is 30055 - 5?
30050
In base 12, what is -3 - 1a145?
-1a148
In base 15, what is 59e2b - -2?
59e2d
In base 8, what is -330160 + 11?
-330147
In base 2, what is -110101011 - 110111?
-111100010
In base 4, what is 100103 - 120?
33323
In base 12, what is 8b55 + -5?
8b50
In base 12, what is -2b642 + -2?
-2b644
In base 9, what is -177 + 231?
43
In base 2, what is 110 + 101011111000?
101011111110
In base 8, what is 67742 - -112?
70054
In base 2, what is -10011001010 - 10100100101?
-100111101111
In base 3, what is -10020 + -102?
-10122
In base 13, what is -2656 + -2?
-2658
In base 9, what is -3 + -155170?
-155173
In base 13, what is 114832 + -1?
114831
In base 6, what is 0 + -21544020?
-21544020
In base 6, what is -13211213 + 2?
-13211211
In base 6, what is 225 - 50350?
-50121
In base 11, what is 2914 - 14?
2900
In base 12, what is -5 - -4b77?
4b72
In base 8, what is 5 - -146300?
146305
In base 13, what is 13 + -1?
12
In base 8, what is -332424 + 1?
-332423
In base 14, what is -c2c4a + -4?
-c2c50
In base 9, what is -3 - 21284?
-21287
In base 9, what is -880601 - 3?
-880604
In base 6, what is 32332 - -20?
32352
In base 3, what is -1021 + -12?
-1110
In base 14, what is -cab - 1b6?
-1083
In base 4, what is -3 + -22221231?
-22221300
In base 11, what is 1182554 - 4?
1182550
In base 11, what is -a - -2a40?
2a31
In base 12, what is -1106b8a + 5?
-1106b85
In base 12, what is 1a + 426ab?
42709
In base 8, what is -2 - 5172576?
-5172600
In base 7, what is -1 + -35102?
-35103
In base 15, what is -7 + 1551a?
15513
In base 10, what is 5 - -60888?
60893
In base 10, what is -451 - -33?
-418
In base 12, what is -2a1535 - 4?
-2a1539
In base 10, what is -3 - -483?
480
In base 6, what is -4153 - -21?
-4132
In base 15, what is 493 - -24?
4b7
In base 7, what is -5442123 + 5?
-5442115
In base 14, what is -25 - 1b42?
-1b67
In base 2, what is -1000001010 + 1000100?
-111000110
In base 15, what is 13000 - -a?
1300a
In base 9, what is -7504102 + -1?
-7504103
In base 9, what is -14770 - 2?
-14772
In base 9, what is 13408 - -14?
13423
In base 7, what is 0 + 123046?
123046
In base 3, what is -21211 - 2001111?
-2100022
In base 9, what is -2 - -4241?
4238
In base 3, what is -10001210121120 + 1?
-10001210121112
In base 15, what is 4 + 1295?
1299
In base 2, what is 10100100100 - -101000110?
11001101010
In base 14, what is -1281 - -37?
-1248
In base 3, what is -1 - 1111021201221?
-1111021201222
In base 3, what is 0 - -200020020?
200020020
In base 9, what is 12786 - -3?
12800
In base 14, what is 1 + a43d?
a440
In base 10, what is -42 + -87?
-129
In base 9, what is 131882 + -5?
131876
In base 10, what is 16469 - 6?
16463
In base 11, what is -9 + -628?
-636
In base 3, what is 212200021 - -20?
212200111
In base 11, what is -3 + 14553?
14550
In base 3, what is -12010 - -122120?
110110
In base 6, what is -205 - -41244?
41035
In base 15, what is 2 - 1430?
-142d
In base 8, what is 5 - 16412?
-16405
In base 7, what is -2162 + 41?
-2121
In base 11, what is 56 - -88?
133
In base 16, what is -28 - 7b9a?
-7bc2
In base 14, what is 9c9 - 12?
9b7
In base 7, what is 4 - -1540?
1544
In base 7, what is 344 - 104426?
-104052
In base 13, what is 1 - 25694?
-25693
In base 7, what is 443 - -2?
445
In base 3, what is -202002 + 102?
-201200
In base 10, what is 2653 - 2?
2651
In base 8, what is -11 + -16311?
-16322
In base 15, what is -27e + 7c?
-202
In base 11, what is -8140a1 + -4?
-8140a5
In base 14, what is 0 - 2678b?
-2678b
In base 16, what is 2d3a + -4?
2d36
In base 2, what is -11011000100001011110111 - 11?
-11011000100001011111010
In base 2, what is 1100101100 - -1110011?
1110011111
In base 6, what is 10122 - -1?
10123
In base 6, what is -454 + 1312?
414
In base 10, what is 4 + -2460?
-2456
In base 10, what is 407098 - 5?
407093
In base 6, what is 3 - 12242421?
-12242414
In base 14, what is -1 + 2d7?
2d6
In base 10, what is -131 + 667?
536
In base 2, what is 11111 + -10000111111000?
-10000111011001
In base 15, what is -5 - 931a?
-9320
In base 9, what is -2315 - -8?
-2306
In base 9, what is 2 + 114003?
114005
In base 13, what is 0 - 107633?
-107633
In base 2, what is 10 + -10110011110110010000?
-10110011110110001110
In base 10, what is 230 - -166?
396
In base 14, what is -89880 - -4?
-8987a
In base 14, what is -2 + 2610b?
26109
In base 9, what is -76 - 21021?
-21107
In base 3, what is -120000022112 - 11?
-120000022200
In base 15, what is -1951a + -3?
-1951d
In base 9, what is -2 + 6257?
6255
In base 4, what is 1310231031 + 3?
1310231100
In base 2, what is -101 - -10011100010?
10011011101
In base 7, what is 0 - 154004?
-154004
In base 8, what is -31 - 15311?
-15342
In base 13, what is 2 + -15?
-13
In base 9, what is -3625 - -20?
-3605
In base 5, what is -113120 - -11?
-113104
In base 15, what is 1699d + 7?
169a5
In base 12, what is 4 - -105a8?
105b0
In base 3, what is 20100 + -1000111?
-210011
In base 12, what is 3b + 19797?
19816
In base 14, what is 3 + -60227?
-60224
In base 12, what is -237 + -218?
-453
In base 14, what is 523d - -2?
5241
In base 16, what is b + 1616?
1621
In base 14, what is 72c57 + 5?
72c5c
In base 16, what is 4837 - 4?
4833
In base 13, what is -155 + -40c?
-564
In base 9, what is 145 - 243?
-87
In base 3, what is -1012021222021 + -2?
-1012021222100
In base 15, what is 35c + 2?
35e
In base 10, what is 947304 - 2?
947302
In base 14, what is 4 - -37652?
37656
In base 8, what is -3543226 - -2?
-3543224
In base 10, what is 250 + 52?
302
In base 13, what is 20aa + -8b?
201c
In base 3, what is -2 + -11022021?
-11022100
In base 13, what is 37 + -21614?
-215aa
In base 11, what is -268 - -687?
41a
In base 3, what is -220201 - 2112?
-1000020
In base 14, what is -194 + 19?
-179
In base 5, what is 312 - 34342?
-34030
In base 10, what is 30 + -75?
-45
In base 8, what is -216407 - 47?
-216456
In base 13, what is -24 - -2b85?
2b61
In base 7, what is 135 + -2165?
-2030
In base 7, what is 21 - -34326?
34350
In base 8, what is 6 + -4073?
-4065
In base 10, what is 18 + 9005?
9023
In base 10, what is -177501 - -2?
-177499
In base 6, what is 1244445 - 3?
1244442
In base 3, what is 121102 + -11021?
110011
In base 5, what is -4 - 104043?
-104102
In base 11, what is 1258 - 9?
124a
In base 3, what is 10200 - 12?
10111
In base 15, what is 4 - 47a4?
-47a0
In base 16, what is ea69 + -2?
ea67
In base 8, what is -5515 - -100?
-5415
In base 4, what is 10 + -121102?
-121032
In base 9, what is -2 - 700?
-702
In base 6, what is -214532340 - -5?
-214532331
In base 16, what is -ee - 21b?
-309
In base 14, what is 57812 - 2?
57810
In base 15, what is 1dd09 - -4?
1dd0d
In base 13, what is -1b27c - -15?
-1b267
In base 9, what is -405 - -1011?
505
In base 4, what is 123010 + -101?
122303
In base 13, what is -134 + -5089?
-51c0
In base 12, what is -7907 - -55?
-7872
In base 4, what is -10312023033 - -10?
-10312023023
In base 10, what is -249809 + 5?
-249804
In base 12, what is -2a2b - 4?
-2a33
In base 13, what is -9012 + -2?
-9014
In base 14, what is 4 + d98?
d9c
In base 2, what is -11 - -10100011011001?
1010001